))*1/(-2). Let n = m - 556. Is n a composite number?
False
Suppose 0 = g + 2*r - 26, -3*r + 0*r - 65 = -5*g. Is 8895 + 4 - 7/((-28)/g) a composite number?
True
Let x(q) = 65205*q**2 - 119*q - 365. Is x(-3) prime?
True
Let s = -3 - 0. Let d(x) = 21*x**2 - 2*x + 3. Let v(j) = -31*j**2 + 3*j - 5. Let o(b) = -7*d(b) - 5*v(b). Is o(s) a composite number?
False
Let l(b) = -40*b**2 - 10*b - 54. Let o(j) = -1. Let i(w) = -l(w) - 3*o(w). Is i(-5) a prime number?
False
Suppose -x = -4*x - 3*d + 3, -2*d + 8 = 5*x. Suppose -x*q + 3*h = 1119, -6*q = -q - 4*h + 2801. Is 1/((-15)/q) - 4/10 prime?
True
Suppose -245954 = -2*u + 4*p, 400*p - 14 = 402*p. Is u prime?
True
Let j(g) = 3*g + 23. Let s be j(-6). Suppose 0 = s*n - 10*n + 5*y - 205, -198 = 5*n + 2*y. Is (-37 - n)*(-1 - 2044/(-6)) a prime number?
True
Let y = -12133 - -16122. Is y a prime number?
True
Suppose 42 = -0*k + 6*k. Suppose 12*v + 10 = k*v. Is -187*v/(-2)*(1 + -2) prime?
False
Let q = -96441 - -161120. Is q a prime number?
True
Let u = 579 + -573. Suppose -9149 - 15325 = -u*g. Is g a composite number?
False
Let v(s) = 2*s - 32. Let t be v(16). Let o(f) = f**3 - f**2 + 2*f - 613. Let h be o(t). Let z = h + 1730. Is z prime?
True
Suppose -5*f - 4*o + 776099 = 0, 8*f + 4*o = 7*f + 155223. Is f prime?
True
Suppose -183381 = -3*i + 5*g - 9*g, -g - 3*g = 0. Is i composite?
True
Let t(k) = k**3 - 3*k**2 - k + 4. Let h = 36 - 34. Let i be t(h). Is ((-166)/10)/(3/30*i) prime?
True
Suppose -4 = -2*i - 4*n + 2, -3*i - 5*n = -6. Let z be (1469 - -2)/(i - -2). Let r = z + 2726. Is r prime?
False
Suppose -191*i + 92*i + 50433 = -96*i. Is i a prime number?
True
Is (-12)/30 - ((-181062)/30 + 6) a prime number?
True
Suppose 3*c - 7 = -2*k, 4*k + 0*c - 19 = -c. Suppose 2*j + f - 3370 = j, k*j + 4*f = 16848. Suppose -4*b + 2076 + j = 0. Is b a prime number?
True
Let m(x) = x**3 + 69*x**2 - 65*x + 1118. Is m(-59) prime?
False
Suppose -3*v + 2198296 = 5*o, -4*o - 95*v + 1758627 = -94*v. Is o prime?
False
Is -1*1284198/(-4) + (-1092)/2184 prime?
False
Let w = -59 + 63. Let v be (10/8)/(w/16). Suppose q + 6095 - 2310 = v*d, 0 = -3*d + q + 2271. Is d a composite number?
False
Is (-7)/14 + 203331/2 + -2 a composite number?
False
Let f(i) = i**2 + 2*i - 45. Let l be f(-8). Suppose -5*v = -v - 2*a - 33046, -l*v + 4*a + 24777 = 0. Is v a composite number?
False
Suppose 3*t - 298078 = -4*b + 4151, -5*t = -b - 503669. Is t a prime number?
False
Suppose 0 = -5*k - s + 2046, 0 = -2*k - 11*s + 3*s + 826. Is k a prime number?
True
Let j(w) = -242*w**2 - 18*w + 6. Let x be j(-4). Let r = -2153 - x. Is r prime?
False
Suppose -2*a = 2*o - 89996, 37*a - 38*a = -4*o - 45013. Is a composite?
True
Suppose 0*m + 4*i + 35 = 5*m, -2*m = 3*i - 37. Let w(g) = 16*g**2 - 12*g - 11. Let y be w(m). Suppose -y = -4*x - 741. Is x a prime number?
True
Suppose -d - 4702 = -21102. Suppose d = 27*k - 35737. Is k composite?
False
Let c(a) = a**3 + 27*a**2 - 32*a - 69. Let h(l) = -l**2 + l. Let x(w) = c(w) - h(w). Is x(-29) prime?
True
Suppose -u + 22 = 4*n, 4*u - 4*n = -5*n + 28. Suppose 5*f = 4*x - 15157, -7*x + u*x = 2*f - 3799. Is x prime?
True
Is (4/24 - 47/(-6)) + 155 a composite number?
False
Let w = 121 + -106. Is (-51)/(-15) - 3 - (-100764)/w composite?
True
Let o = 168 - 83. Suppose -o = -2*x + 133. Is x prime?
True
Suppose 60*y - 6113147 = -1090127. Is y composite?
False
Suppose -45234 = -2*l - 4*m + 47540, l - 46378 = m. Is l a composite number?
False
Let o = -294 - -323. Suppose 0 = -j + 4*u + 6099, -o*u + 25*u + 4 = 0. Is j a prime number?
False
Let i = 29 + 1. Suppose 0 = 46*p - i*p - 163696. Is p a composite number?
True
Is ((-20)/(-14))/((-126312950)/(-10526075) - 12) a prime number?
False
Suppose x = -3*w + 1, -5*x - 29 = -2*w - 0*x. Let j be 0 + 15*22 + -1. Suppose 2*u + w*u + b = j, 4*b = -2*u + 154. Is u composite?
False
Suppose -4*w + 4*x - 147625 = 9*x, 3*x + 147631 = -4*w. Is w/(-15) + (-6)/9 + 3 composite?
True
Let k(g) = -56*g + 12. Let q be k(0). Is 2222*(8 + (-90)/q) a composite number?
True
Let w be -30559*(-4)/32 + 1/8. Let t = w - 327. Is t prime?
False
Suppose -3*c + 24 = -12. Let k be (c/8)/((-15)/(-156190)). Suppose -5*g + 15 = 0, 6*x - 3*g = 2*x + k. Is x prime?
True
Let m(t) = -75201*t + 2347. Is m(-12) prime?
True
Suppose 0 = 3*y - 13*y - 20. Let v(u) = -691*u - 14. Let n(p) = -230*p - 5. Let i(w) = y*v(w) + 7*n(w). Is i(-6) composite?
False
Is (2/(-8))/(((-175)/1050)/((-726034)/(-3))) a prime number?
True
Let q(p) = 2*p**3 - p. Let d(h) = 5*h**3 - 9*h**2 + 21*h + 32. Let i(w) = d(w) - 2*q(w). Is i(17) a composite number?
True
Suppose 4*g + u + 10 - 14 = 0, -g - 16 = -4*u. Suppose 17*c + c - 38790 = g. Is c prime?
False
Let l be (-1)/(-2) - (-12467)/14. Is l - (-1 - (-5 + 2)) a prime number?
False
Let y = 62 - 68. Let u be 2 + (4 + y)*2/4. Is u + 2 - (6/2 + -199) a prime number?
True
Suppose 394*v - 159547696 = -23885222. Is v a prime number?
True
Let x(y) = -12*y**3 - 4*y**2 + 2*y - 7. Suppose -t + 41 = 4*w, -31 = -t + 2*w - w. Let s = t - 37. Is x(s) a composite number?
True
Suppose 4*l = 61972 + 82152. Is l a prime number?
False
Let g(v) = -34*v + 1. Let b be g(-1). Let i be 130/b + 4/14. Suppose 0 = 4*y - 6*y + i*d + 546, 792 = 3*y + 3*d. Is y composite?
True
Let j = 2008562 + -1332841. Is j composite?
True
Let w(b) = -4*b - 87. Let q be w(-17). Let h(m) = -164*m + 155. Is h(q) composite?
False
Suppose -4*x - 2 + 22 = 0. Suppose -i + 358 = c - 908, x*i + 4*c = 6326. Is i a composite number?
True
Let u(q) = -72*q**2 + 13*q + 27. Let b be u(-6). Let g = 4816 + b. Is g composite?
True
Let g = -302 + 300. Is (15532/8)/(g/(-4)) a prime number?
False
Is 3*(3 - 1535526/(-27)) prime?
False
Let s = 561 - -395. Suppose -11*k + 7*k + s = 0. Is k composite?
False
Let s be (48/(-20) + 3)*5. Suppose -5*p + s*w + 3 = 0, -p + 4*w = -4*p + 25. Suppose -2*t + 187 + p = 0. Is t composite?
True
Let w be 1/(-2)*(-5 - -5 - 0). Suppose -10 = -w*o - 2*o. Suppose -4*a + 3*a + o*u + 112 = 0, -2*u = 5*a - 641. Is a composite?
False
Suppose 2*s + 66 = 5*s. Suppose 27*u - s*u - 50 = 0. Is (-223)/((-21)/(-14) - u/4) composite?
False
Suppose 100966 + 126583 = -7*j. Let r = j + 71036. Suppose -6*d + r = 3*d. Is d composite?
True
Suppose -167 = -4*b - 43. Let z = b + 71. Let u = z - 17. Is u prime?
False
Suppose -51*i - 74*i = -25538875. Is i a composite number?
False
Is ((-11620173)/52)/(207/(-276)) - 2/13 composite?
False
Let o = 20893 - -169326. Is o a prime number?
False
Is (((-9)/27)/(16/(-30882)))/((-2)/(-16)) a composite number?
False
Suppose 5*o - 6*z + z = -35, 5*o + 33 = 3*z. Let j be (-204)/(-72) + (-1)/o. Suppose 0 = -j*u + 192 + 2781. Is u composite?
False
Suppose 0 = 9*j - 45767 - 31660. Suppose -2*a - 5*k + 34 + j = 0, 4*a - 17214 = 2*k. Is a composite?
True
Suppose 0 = -3*h - 30 - 93. Let f = -36 - h. Suppose 5*x - 9 - 6 = 0, 0 = f*p - 2*x - 2749. Is p prime?
False
Suppose 0 = -329*r + 326*r + 15. Suppose -42 = -v + 3*s + 12, 3*v + r*s - 176 = 0. Is v a composite number?
True
Let m = 1023799 - 454320. Is m a composite number?
False
Suppose 4*w = 2*f + 1616, -4*f + 7*w - 3*w - 3224 = 0. Let n = f - -442. Let x = -244 - n. Is x a prime number?
False
Let c = -602 - 1474. Let z = 4255 + c. Is z composite?
False
Let r(z) = -1179*z - 47. Let b be (-6)/4*(27 - 19). Is r(b) a composite number?
True
Let v = -75309 - -170147. Is v/18 + 2*(-4)/(-36) a prime number?
False
Suppose 5*k = -4*w + 40, -4*w + 16 = 3*k - 16. Suppose w - 14 = -3*m. Suppose -6*l + 6855 = -m*l. Is l composite?
True
Let s(k) be the second derivative of -k**3/6 + 7*k**2 + 3*k. Let z be s(10). Suppose -z*d + 4*m + 2515 = m, -634 = -d - m. Is d prime?
True
Suppose 552 = -6*i + 8*i. Let g = 2084 + i. Suppose -g = -m - 7*m. Is m prime?
False
Suppose 3*j = -5*w - 9, -5*j = 4*w + 1 + 1. Suppose j*z - x - 1789 = 0, -3*x + 4*x = 5*z - 4474. Suppose 6*f = 2*f - o + 3624, f + 3*o - z = 0. Is f prime?
True
Suppose 4*w + 6671 = -0*w + o, 0 = -3*w + 3*o - 5010. Suppose -4320 = -13*s + 17*s. Let k = s - w. Is k composite?
False
Let o(f) = 62*f + 9. Let g(y) = -2*y**2 - 10*y - 6. Let s be g(-4). Suppose -s*q - q = -12. Is o(q) composite?
False
Suppose -b - 87 = -5*t, -5*t - 88 = -5*b - 163. Suppose 2 - 8 = j. Is (t + -15)*(-326)/j composite?
False
Is (-78)/663 - 32258615/(-85)